{"id":1202,"date":"2025-07-31T07:57:21","date_gmt":"2025-07-31T04:57:21","guid":{"rendered":"https:\/\/euranhelluntaiseurakunta.fi\/?page_id=1202"},"modified":"2025-10-11T07:46:29","modified_gmt":"2025-10-11T04:46:29","slug":"sanna-piirainen-jeesus-pelasti-pienen-tyton","status":"publish","type":"page","link":"https:\/\/euranhelluntaiseurakunta.fi\/?page_id=1202","title":{"rendered":"Sanna Piirainen &#8211; Jeesus pelasti pienen tyt\u00f6n"},"content":{"rendered":"\n<figure class=\"wp-block-image size-full\"><a href=\"https:\/\/euranhelluntaiseurakunta.fi\/wp-content\/uploads\/2025\/07\/Sanna-Piirainen.mp4\"><img loading=\"lazy\" decoding=\"async\" width=\"168\" height=\"230\" src=\"https:\/\/euranhelluntaiseurakunta.fi\/wp-content\/uploads\/2019\/06\/Sanna_Piirainen.jpeg\" alt=\"\" class=\"wp-image-67\"\/><\/a><\/figure>\n\n\n\n<p>Klikkaa kuvaa katsoaksesi videon.<\/p>\n\n\n\n<p>M\u00e4 oon <strong>Sanna Piirainen<\/strong> ja m\u00e4 oon Euran helluntaiseurakunnan pastori. M\u00e4 haluaisin kertoa mink\u00e4 t\u00e4hden m\u00e4 oon uskossa. M\u00e4 olin semmoinen pikkainen tytt\u00f6 11-vuotias, kun mun vanhemmat tuli uskoon. Sit\u00e4 ennen meid\u00e4n perhe oli ollut lestadiolainen ja ja me mullakin oli hyvin tietoa kaikista kristillisist\u00e4 asioista. <\/p>\n\n\n\n<p>Mutta kun m\u00e4 tulin uskoon, niin silloin m\u00e4 tein semmosen tietoisen p\u00e4\u00e4t\u00f6ksen, ett\u00e4 et m\u00e4 tahdon el\u00e4\u00e4 sit\u00e4 el\u00e4m\u00e4\u00e4, mink\u00e4 Jeesus tahtoo antaa Ja uskoin siihen, ett\u00e4 nekin kaikki asiat, mit\u00e4 min\u00e4 olin tehnyt v\u00e4\u00e4rin, niin ne oli Jeesus kantanut ristille ja antoi silloin anteeksi kaikki mun syntini ja sen eron Jumalasta. Ei tietenk\u00e4\u00e4n sitten niin pikkainen tytt\u00f6 viel\u00e4 osaa niin kun t\u00e4ysin ymm\u00e4rt\u00e4\u00e4 kaikkea, mit\u00e4 uskossa oleminen on ja mit\u00e4 Jumala on ja Jeesus ja mit\u00e4 el\u00e4m\u00e4ss\u00e4 tulee. <\/p>\n\n\n\n<p>M\u00e4 oon monta kertaa el\u00e4m\u00e4ss\u00e4 pys\u00e4htynyt ja ihan niinku sillai tarkkaan miettinyt, ett\u00e4 et onko usko oikeesti mun oma p\u00e4\u00e4t\u00f6s vai onko se sit tullut jostakin muualta. Mut mut t\u00e4mm\u00f6isten miettimisen j\u00e4lkeen niin m\u00e4 oon tullut siihen tulokseen, et se on kaikkein j\u00e4rkevin mit\u00e4 voi ikin\u00e4 ihminen &#8230;<\/p>\n\n\n\n<p><\/p>\n","protected":false},"excerpt":{"rendered":"<p>Klikkaa kuvaa katsoaksesi videon. M\u00e4 oon Sanna Piirainen ja m\u00e4 oon Euran helluntaiseurakunnan pastori. M\u00e4 haluaisin kertoa mink\u00e4 t\u00e4hden m\u00e4 oon uskossa. M\u00e4 olin semmoinen pikkainen tytt\u00f6 11-vuotias, kun mun vanhemmat tuli uskoon. Sit\u00e4 ennen meid\u00e4n perhe oli ollut lestadiolainen ja ja me mullakin oli hyvin tietoa kaikista kristillisist\u00e4 asioista. Mutta kun m\u00e4 tulin uskoon, [&hellip;]<\/p>\n","protected":false},"author":1,"featured_media":0,"parent":0,"menu_order":0,"comment_status":"closed","ping_status":"closed","template":"","meta":{"footnotes":""},"class_list":["post-1202","page","type-page","status-publish","hentry"],"_links":{"self":[{"href":"https:\/\/euranhelluntaiseurakunta.fi\/index.php?rest_route=\/wp\/v2\/pages\/1202","targetHints":{"allow":["GET"]}}],"collection":[{"href":"https:\/\/euranhelluntaiseurakunta.fi\/index.php?rest_route=\/wp\/v2\/pages"}],"about":[{"href":"https:\/\/euranhelluntaiseurakunta.fi\/index.php?rest_route=\/wp\/v2\/types\/page"}],"author":[{"embeddable":true,"href":"https:\/\/euranhelluntaiseurakunta.fi\/index.php?rest_route=\/wp\/v2\/users\/1"}],"replies":[{"embeddable":true,"href":"https:\/\/euranhelluntaiseurakunta.fi\/index.php?rest_route=%2Fwp%2Fv2%2Fcomments&post=1202"}],"version-history":[{"count":4,"href":"https:\/\/euranhelluntaiseurakunta.fi\/index.php?rest_route=\/wp\/v2\/pages\/1202\/revisions"}],"predecessor-version":[{"id":1243,"href":"https:\/\/euranhelluntaiseurakunta.fi\/index.php?rest_route=\/wp\/v2\/pages\/1202\/revisions\/1243"}],"wp:attachment":[{"href":"https:\/\/euranhelluntaiseurakunta.fi\/index.php?rest_route=%2Fwp%2Fv2%2Fmedia&parent=1202"}],"curies":[{"name":"wp","href":"https:\/\/api.w.org\/{rel}","templated":true}]}}